90?
True
Is 65126 a multiple of 100?
False
Does 19 divide 16454?
True
Is 590 a factor of 1328392?
False
Is 23 a factor of 37544?
False
Is 249 a factor of 496823?
False
Is 41949 a multiple of 18?
False
Is 11 a factor of 24643?
False
Is 799472 a multiple of 116?
True
Is 83 a factor of 460650?
True
Is 17 a factor of 1051959?
False
Is 4261478 a multiple of 117?
False
Is 17 a factor of 262?
False
Is 130 a factor of 147030?
True
Is 771167 a multiple of 165?
False
Is 394988 a multiple of 586?
False
Is 43 a factor of 2937545?
True
Does 372 divide 54684?
True
Does 1837 divide 19179055?
False
Is 713288 a multiple of 547?
True
Does 71 divide 462031?
False
Is 123444 a multiple of 81?
True
Does 49 divide 143544?
False
Is 205 a factor of 9079245?
True
Is 14941919 a multiple of 77?
False
Does 375 divide 3989?
False
Is 818109 a multiple of 89?
False
Is 75 a factor of 79200?
True
Does 3 divide 238827?
True
Does 37 divide 5000106?
True
Is 357 a factor of 42840?
True
Is 18 a factor of 870444?
True
Is 591156 a multiple of 5?
False
Is 18 a factor of 1114257?
False
Is 119 a factor of 2062207?
False
Does 116 divide 440607?
False
Does 15 divide 511170?
True
Is 1263373 a multiple of 11?
False
Is 958035 a multiple of 5?
True
Is 8 a factor of 917616?
True
Does 78 divide 3045666?
True
Is 231 a factor of 115500?
True
Is 8854 a multiple of 2?
True
Does 399 divide 409374?
True
Is 169591 a multiple of 179?
False
Is 19 a factor of 259255?
True
Does 133 divide 172368?
True
Is 2219499 a multiple of 11?
False
Is 597 a factor of 2304226?
False
Is 87 a factor of 2546849?
False
Does 9 divide 10035?
True
Is 147 a factor of 687078?
True
Does 11 divide 131450?
True
Does 96 divide 3745273?
False
Is 3 a factor of 46706?
False
Is 8714917 a multiple of 251?
False
Does 104 divide 263744?
True
Does 13 divide 42783?
True
Does 215 divide 34400?
True
Is 281708 even?
True
Is 1329590 a multiple of 310?
True
Does 9 divide 2136591?
True
Does 6 divide 117930?
True
Is 1610504 a multiple of 56?
True
Is 979222 a multiple of 146?
True
Does 126 divide 1012999?
False
Is 74 a factor of 374960?
False
Is 2300155 a multiple of 143?
True
Does 90 divide 566236?
False
Does 12 divide 4281014?
False
Is 5 a factor of 64319?
False
Is 1302 a factor of 7834134?
True
Does 15 divide 29025?
True
Is 31 a factor of 2653619?
False
Does 96 divide 1920?
True
Is 74634 a multiple of 6?
True
Does 15 divide 94566?
False
Is 7464420 a multiple of 601?
True
Does 4 divide 9787?
False
Is 141 a factor of 38775?
True
Is 413 a factor of 3445659?
True
Is 52 a factor of 103506?
False
Is 1393154 a multiple of 42?
False
Is 60698 a multiple of 31?
True
Is 1040637 a multiple of 46?
False
Does 377 divide 2869919?
False
Does 13 divide 388583?
True
Does 25 divide 7799297?
False
Is 2131785 a multiple of 7?
False
Is 27 a factor of 192634?
False
Is 5064024 a multiple of 43?
True
Does 9 divide 38783?
False
Is 15297 even?
False
Is 13 a factor of 810212?
True
Does 282 divide 5385740?
False
Is 399 a factor of 2001253?
False
Is 16806 a multiple of 69?
False
Does 69 divide 46161?
True
Is 552 a factor of 4271861?
False
Is 1287512 a multiple of 17?
True
Does 34 divide 12698966?
True
Is 317 a factor of 32968?
True
Does 6 divide 129777?
False
Is 439 a factor of 900828?
True
Is 59 a factor of 444031?
False
Is 17065 a multiple of 2?
False
Is 4 a factor of 602992?
True
Is 12114144 a multiple of 21?
True
Is 47278 a multiple of 14?
True
Is 4 a factor of 169844?
True
Is 1297566 a multiple of 54?
True
Is 17 a factor of 811681?
False
Is 157 a factor of 86036?
True
Is 115557 a multiple of 32?
False
Is 23 a factor of 296394?
False
Is 2 a factor of 4540626?
True
Is 40252 a multiple of 3?
False
Is 783078 a multiple of 8?
False
Does 88 divide 1826176?
True
Is 35 a factor of 234500?
True
Is 128781 a multiple of 11?
False
Is 173178 a multiple of 81?
True
Is 29 a factor of 369656?
False
Is 5 a factor of 167215?
True
Does 9 divide 167372?
False
Is 113186 a multiple of 34?
True
Is 585113 a multiple of 24?
False
Does 61 divide 246440?
True
Does 830 divide 2217760?
True
Does 16 divide 11979510?
False
Does 71 divide 221946?
True
Does 127 divide 265632?
False
Does 22 divide 1354311?
False
Does 75 divide 289875?
True
Is 2355003 a multiple of 1289?
True
Does 27 divide 338958?
True
Does 132 divide 701448?
True
Is 12 a factor of 1680167?
False
Is 7238096 a multiple of 16?
True
Does 36 divide 483676?
False
Does 15 divide 318930?
True
Does 12 divide 397260?
True
Does 83 divide 95835?
False
Is 162 a factor of 395118?
True
Is 4649128 a multiple of 22?
True
Does 6 divide 8475906?
True
Is 1273648 a multiple of 76?
False
Is 175104 a multiple of 16?
True
Is 238 a factor of 3104082?
False
Is 1848725 a multiple of 365?
True
Is 59 a factor of 1408330?
True
Is 6636267 a multiple of 61?
False
Does 20 divide 291200?
True
Is 582900 a multiple of 134?
True
Is 99183 a multiple of 21?
True
Does 12 divide 552308?
False
Is 2519160 a multiple of 28?
True
Does 171 divide 127566?
True
Is 13245228 a multiple of 783?
True
Is 151 a factor of 334300?
False
Does 27 divide 28547091?
False
Is 29 a factor of 108972?
False
Does 99 divide 209385?
True
Is 318024 a multiple of 42?
True
Is 39 a factor of 4687488?
True
Does 115 divide 51668?
False
Is 21 a factor of 3276861?
True
Does 219 divide 822783?
True
Is 17 a factor of 29087?
True
Is 24 a factor of 801168?
True
Does 94 divide 1930740?
False
Is 18 a factor of 1520762?
False
Does 168 divide 801360?
True
Is 3 a factor of 700975?
False
Is 279027 a multiple of 63?
True
Does 172 divide 61920?
True
Does 81 divide 68121?
True
Is 19 a factor of 3283120?
False
Is 113187 a multiple of 3?
True
Is 7799 a multiple of 2?
False
Is 577 a factor of 1451187?
False
Is 19 a factor of 435765?
True
Is 228 a factor of 6250620?
True
Is 10 a factor of 255510?
True
Does 276 divide 94116?
True
Is 26 a factor of 5999887?
False
Does 9 divide 6086?
False
Is 32044664 a multiple of 11?
False
Is 8 a factor of 45226?
False
Does 30 divide 1347911?
False
Is 13 a factor of 1775688?
False
Is 482053 a multiple of 25?
False
Is 3464906 a multiple of 20?
False
Does 438 divide 309359?
False
Is 32093 a multiple of 4?
False
Does 2 divide 356033?
False
Does 866 divide 19006102?
True
Does 2 divide 1506?
True
Does 89 divide 67619?
False
Is 17305480 a multiple of 1682?
False
Does 260 divide 5106530?
False
Is 9394020 a multiple of 47?
False
Is 18 a factor of 71370?
True
Is 486764 a multiple of 18?
False
Is 45655 a multiple of 2?
False
Does 13 divide 923611?
True
Does 438 divide 7779372?
False
Does 600 divide 10684200?
True
Is 267066 a multiple of 222?
True
Is 2817248 a multiple of 8?
True
Is 721767 a multiple of 546?
False
Does 74 divide 249719?
False
Does 6 divide 854934?
True
Does 5 divide 129925?
True
Does 132 divide 64812?
True
Does 340 divide 28254?
False
Does 34 divide 256995?
False
Is 59948 a multiple of 49?
False
Does 40 divide 7337880?
True
Is 445250 a multiple of 25?
True
Is 739773 a multiple of 9?
True
Is 320630 a multiple of 91?
False
Does 86 divide 69316?
True
Is 2357074 a multiple of 128?
False
Is 37 a factor of 21137?
False
Does 2 divide 20120?
True
Is 883606 a multiple of 7?
False
Is 253572 a multiple of 95?
False
Is 17 a factor of 1528708?
True
Is 11471294 a multiple of 1037?
True
Does 103 divide 6027632?
False
Does 97 divide 1146443?
True
Is 16751402 a multiple of 53?
False
Is 101676 a multiple of 148?
True
Is 1316396 a multiple of 19?
True
Is 133204 a multiple of 10?
False
Does 75 divide 1444530?
False
Is 9 a factor of 135805?
False
Is 2832 a multiple of 43?
False
Is 252840 a multiple of 602?
True
Is 513 a factor of 13133313?
True
Is 191052 a multiple of 159?
False
Is 12 a factor of 504624?
True
Is 2 a factor of 1468272?
True
Is 297 a factor of 694996?
False
Is 86 a factor of 10754153?
False
Does 288 divide 14843326?
False
Is 136904 a multiple of 11?
False
Is 79369 a multiple of 31?
False
Is 57 a factor of 933888?
True
Is 151758 a multiple of 396?
False
Does 16 divide 17504?
True
Is 38 a factor of 447184?
True
Is 513 a multiple of 27?
True
Is 3014544 a multiple of 312?
True
Is 73 a factor of 54896?
True
Is 8 a factor of 85235?
False
Is 139 a factor of 1892068?
True
Does 123 divide 275643?
True
Does 126 divide 1220242?
False
Does 38 divide 16898?
False
Is 96 a factor of 516768?
True
Is 19587